{"id":249,"date":"2021-05-03T15:07:13","date_gmt":"2021-05-03T15:07:13","guid":{"rendered":"https:\/\/preview.treethemes.com\/hazel\/demo10\/?page_id=249"},"modified":"2025-06-27T21:02:16","modified_gmt":"2025-06-27T21:02:16","slug":"www-agenciafocus-cl-agencia-de-marketing-digital-con-trayectoria-comprobada-premiada-en-2024-expertos-en-performance-estrategia-digital-y-roi-real-para-marcas-e-instituciones-que-no","status":"publish","type":"page","link":"https:\/\/agenciafocus.cl\/","title":{"rendered":"Home"},"content":{"rendered":"<div class=\"wpb-content-wrapper\"><p>[vc_row][vc_column]\n\t\t\t\t<p class=\"rs-p-wp-fix\"><\/p>\n\t\t\t\t<sr7-module data-alias=\"homev1dark\" data-id=\"10\" id=\"SR7_10_1\" class=\"rs-ov-hidden\" data-version=\"6.7.34\">\n\t\t\t\t\t<sr7-adjuster><\/sr7-adjuster>\n\t\t\t\t\t<sr7-content>\n\t\t\t\t\t\t<sr7-slide id=\"SR7_10_1-22\" data-key=\"22\">\n\t\t\t\t\t\t\t<sr7-bg id=\"SR7_10_1-22-13\" class=\"sr7-layer\"><noscript><img decoding=\"async\" src=\"https:\/\/agenciafocus.cl\/wp-content\/uploads\/2025\/06\/80.png\" alt=\"\" title=\"80\"><\/noscript><\/sr7-bg>\n\t\t\t\t\t\t\t<sr7-txt id=\"SR7_10_1-22-1\" class=\"sr7-layer\">MEJOR AGENCIA<\/sr7-txt>\n\t\t\t\t\t\t\t<sr7-txt id=\"SR7_10_1-22-2\" class=\"sr7-layer\">ELEGIDA POR THE BEST COMO<\/sr7-txt>\n\t\t\t\t\t\t\t<a id=\"SR7_10_1-22-4\" class=\"sr7-layer\" href=\"https:\/\/agenciafocus.cl\/#section_page-241\" target=\"_self\">SOBRE FOCUS<\/a>\n\t\t\t\t\t\t\t<a id=\"SR7_10_1-22-5\" class=\"sr7-layer\" href=\"https:\/\/agenciafocus.cl\/#section_page-247\" target=\"_self\">CONTACTO<\/a>\n\t\t\t\t\t\t\t<sr7-txt id=\"SR7_10_1-22-6\" class=\"sr7-layer\">or<\/sr7-txt>\n\t\t\t\t\t\t<\/sr7-slide>\n\t\t\t\t\t\t<sr7-slide id=\"SR7_10_1-31\" data-key=\"31\">\n\t\t\t\t\t\t<\/sr7-slide>\n\t\t\t\t\t<\/sr7-content>\n\t\t\t\t\t<image_lists style=\"display:none\">\n\t\t\t\t\t\t<img data-src=\"\/\/agenciafocus.cl\/wp-content\/uploads\/2025\/06\/Asunto.png\" data-libid=\"366\" data-lib=\"medialibrary\" title=\"Asunto\" width=\"0\" height=\"0\" data-dbsrc=\"Ly9hZ2VuY2lhZm9jdXMuY2wvd3AtY29udGVudC91cGxvYWRzLzIwMjUvMDYvQXN1bnRvLnBuZw==\"\/>\n\t\t\t\t\t\t<img data-src=\"\/\/agenciafocus.cl\/wp-content\/uploads\/2025\/06\/bestesellers2025-1.png\" data-libid=\"1037\" data-lib=\"medialibrary\" title=\"bestesellers2025-1\" width=\"0\" height=\"0\" data-dbsrc=\"Ly9hZ2VuY2lhZm9jdXMuY2wvd3AtY29udGVudC91cGxvYWRzLzIwMjUvMDYvYmVzdGVzZWxsZXJzMjAyNS0xLnBuZw==\"\/>\n\t\t\t\t\t\t<img data-src=\"\/\/agenciafocus.cl\/wp-content\/uploads\/2025\/06\/logo-marca-chile-1080x1080-1.png\" data-libid=\"521\" data-lib=\"medialibrary\" title=\"logo-marca-chile-1080&#215;1080\" width=\"0\" height=\"0\" data-dbsrc=\"Ly9hZ2VuY2lhZm9jdXMuY2wvd3AtY29udGVudC91cGxvYWRzLzIwMjUvMDYvbG9nby1tYXJjYS1jaGlsZS0xMDgweDEwODAtMS5wbmc=\"\/>\n\t\t\t\t\t\t<img data-src=\"\/\/agenciafocus.cl\/wp-content\/uploads\/2025\/06\/80.png\" data-libid=\"402\" data-lib=\"medialibrary\" title=\"80\" width=\"0\" height=\"0\" data-dbsrc=\"Ly9hZ2VuY2lhZm9jdXMuY2wvd3AtY29udGVudC91cGxvYWRzLzIwMjUvMDYvODAucG5n\"\/>\n\t\t\t\t\t<\/image_lists>\n\t\t\t\t<\/sr7-module>\n\t\t\t\t<script>\n\t\t\t\t\tSR7.PMH ??={}; SR7.PMH[\"SR7_10_1\"] = {cn:100,state:false,fn: function() { if (_tpt!==undefined && _tpt.prepareModuleHeight !== undefined) {  _tpt.prepareModuleHeight({id:\"SR7_10_1\",el:[867.998,867.998,867.998,867.998,600],type:'standard',shdw:'0',gh:[868,868,868,868,600],gw:[1240,1240,1240,1240,480],vpt:['-100px&#039;,&#039;-100px&#039;,&#039;-100px&#039;,&#039;-100px&#039;,&#039;-100px'],size:{fullWidth:true, fullHeight:true},fho:',60px',mh:'0',onh:0,onw:0,bg:{color:'{\"orig\":\"transparent\",\"type\":\"solid\",\"string\":\"transparent\"}'},plType:'-1',plColor:'#FFFFFF'});   SR7.PMH[\"SR7_10_1\"].state=true;} else if(SR7.PMH[\"SR7_10_1\"].cn-->0)\tsetTimeout( SR7.PMH[\"SR7_10_1\"].fn,19);}};SR7.PMH[\"SR7_10_1\" ].fn();\n\t\t\t\t<\/script>\n[\/vc_column][\/vc_row]<\/p>\n<\/div>","protected":false},"excerpt":{"rendered":"<p>[vc_row][vc_column][\/vc_column][\/vc_row]<\/p>\n","protected":false},"author":1,"featured_media":0,"parent":0,"menu_order":0,"comment_status":"closed","ping_status":"closed","template":"template-home.php","meta":{"footnotes":""},"class_list":["post-249","page","type-page","status-publish","hentry"],"yoast_head":"<!-- This site is optimized with the Yoast SEO plugin v25.2 - https:\/\/yoast.com\/wordpress\/plugins\/seo\/ -->\n<title>Agencia Focus\u00ae Agencia de Marketing 360\u00ba - Potenciada con IA ROI.<\/title>\n<meta name=\"description\" content=\"Somos Focus. Agencia de Marketing 360\u00ba potenciada con IA para tus campa\u00f1as de Meta y Google. Especialistas en campa\u00f1as digitales de alto rendimiento para marcas e instituciones que exigen seriedad, estrategia y retorno de su inversi\u00f3n. Elegida como la mejor agencia de marketing 2024.\" \/>\n<meta name=\"robots\" content=\"noindex, follow, max-snippet:-1, max-image-preview:large, max-video-preview:-1\" \/>\n<meta property=\"og:locale\" content=\"es_ES\" \/>\n<meta property=\"og:type\" content=\"article\" \/>\n<meta property=\"og:title\" content=\"Agencia Focus\u00ae Agencia de Marketing 360\u00ba - Potenciada con IA ROI.\" \/>\n<meta property=\"og:description\" content=\"Somos Focus. Agencia de Marketing 360\u00ba potenciada con IA para tus campa\u00f1as de Meta y Google. Especialistas en campa\u00f1as digitales de alto rendimiento para marcas e instituciones que exigen seriedad, estrategia y retorno de su inversi\u00f3n. Elegida como la mejor agencia de marketing 2024.\" \/>\n<meta property=\"og:url\" content=\"https:\/\/agenciafocus.cl\/\" \/>\n<meta property=\"og:site_name\" content=\"Agencia Focus\u00ae\" \/>\n<meta property=\"article:modified_time\" content=\"2025-06-27T21:02:16+00:00\" \/>\n<meta name=\"twitter:card\" content=\"summary_large_image\" \/>\n<meta name=\"twitter:label1\" content=\"Tiempo de lectura\" \/>\n\t<meta name=\"twitter:data1\" content=\"1 minuto\" \/>\n<script type=\"application\/ld+json\" class=\"yoast-schema-graph\">{\"@context\":\"https:\/\/schema.org\",\"@graph\":[{\"@type\":\"WebPage\",\"@id\":\"https:\/\/agenciafocus.cl\/\",\"url\":\"https:\/\/agenciafocus.cl\/\",\"name\":\"Agencia Focus\u00ae Agencia de Marketing 360\u00ba - Potenciada con IA ROI.\",\"isPartOf\":{\"@id\":\"https:\/\/agenciafocus.cl\/#website\"},\"datePublished\":\"2021-05-03T15:07:13+00:00\",\"dateModified\":\"2025-06-27T21:02:16+00:00\",\"description\":\"Somos Focus. Agencia de Marketing 360\u00ba potenciada con IA para tus campa\u00f1as de Meta y Google. Especialistas en campa\u00f1as digitales de alto rendimiento para marcas e instituciones que exigen seriedad, estrategia y retorno de su inversi\u00f3n. Elegida como la mejor agencia de marketing 2024.\",\"breadcrumb\":{\"@id\":\"https:\/\/agenciafocus.cl\/#breadcrumb\"},\"inLanguage\":\"es\",\"potentialAction\":[{\"@type\":\"ReadAction\",\"target\":[\"https:\/\/agenciafocus.cl\/\"]}]},{\"@type\":\"BreadcrumbList\",\"@id\":\"https:\/\/agenciafocus.cl\/#breadcrumb\",\"itemListElement\":[{\"@type\":\"ListItem\",\"position\":1,\"name\":\"Portada\",\"item\":\"https:\/\/agenciafocus.cl\/\"},{\"@type\":\"ListItem\",\"position\":2,\"name\":\"Home\"}]},{\"@type\":\"WebSite\",\"@id\":\"https:\/\/agenciafocus.cl\/#website\",\"url\":\"https:\/\/agenciafocus.cl\/\",\"name\":\"Agencia Focus\u00ae\",\"description\":\"Agencia de Publicidad y Marketing\",\"potentialAction\":[{\"@type\":\"SearchAction\",\"target\":{\"@type\":\"EntryPoint\",\"urlTemplate\":\"https:\/\/agenciafocus.cl\/?s={search_term_string}\"},\"query-input\":{\"@type\":\"PropertyValueSpecification\",\"valueRequired\":true,\"valueName\":\"search_term_string\"}}],\"inLanguage\":\"es\"}]}<\/script>\n<!-- \/ Yoast SEO plugin. -->","yoast_head_json":{"title":"Agencia Focus\u00ae Agencia de Marketing 360\u00ba - Potenciada con IA ROI.","description":"Somos Focus. Agencia de Marketing 360\u00ba potenciada con IA para tus campa\u00f1as de Meta y Google. Especialistas en campa\u00f1as digitales de alto rendimiento para marcas e instituciones que exigen seriedad, estrategia y retorno de su inversi\u00f3n. Elegida como la mejor agencia de marketing 2024.","robots":{"index":"noindex","follow":"follow","max-snippet":"max-snippet:-1","max-image-preview":"max-image-preview:large","max-video-preview":"max-video-preview:-1"},"og_locale":"es_ES","og_type":"article","og_title":"Agencia Focus\u00ae Agencia de Marketing 360\u00ba - Potenciada con IA ROI.","og_description":"Somos Focus. Agencia de Marketing 360\u00ba potenciada con IA para tus campa\u00f1as de Meta y Google. Especialistas en campa\u00f1as digitales de alto rendimiento para marcas e instituciones que exigen seriedad, estrategia y retorno de su inversi\u00f3n. Elegida como la mejor agencia de marketing 2024.","og_url":"https:\/\/agenciafocus.cl\/","og_site_name":"Agencia Focus\u00ae","article_modified_time":"2025-06-27T21:02:16+00:00","twitter_card":"summary_large_image","twitter_misc":{"Tiempo de lectura":"1 minuto"},"schema":{"@context":"https:\/\/schema.org","@graph":[{"@type":"WebPage","@id":"https:\/\/agenciafocus.cl\/","url":"https:\/\/agenciafocus.cl\/","name":"Agencia Focus\u00ae Agencia de Marketing 360\u00ba - Potenciada con IA ROI.","isPartOf":{"@id":"https:\/\/agenciafocus.cl\/#website"},"datePublished":"2021-05-03T15:07:13+00:00","dateModified":"2025-06-27T21:02:16+00:00","description":"Somos Focus. Agencia de Marketing 360\u00ba potenciada con IA para tus campa\u00f1as de Meta y Google. Especialistas en campa\u00f1as digitales de alto rendimiento para marcas e instituciones que exigen seriedad, estrategia y retorno de su inversi\u00f3n. Elegida como la mejor agencia de marketing 2024.","breadcrumb":{"@id":"https:\/\/agenciafocus.cl\/#breadcrumb"},"inLanguage":"es","potentialAction":[{"@type":"ReadAction","target":["https:\/\/agenciafocus.cl\/"]}]},{"@type":"BreadcrumbList","@id":"https:\/\/agenciafocus.cl\/#breadcrumb","itemListElement":[{"@type":"ListItem","position":1,"name":"Portada","item":"https:\/\/agenciafocus.cl\/"},{"@type":"ListItem","position":2,"name":"Home"}]},{"@type":"WebSite","@id":"https:\/\/agenciafocus.cl\/#website","url":"https:\/\/agenciafocus.cl\/","name":"Agencia Focus\u00ae","description":"Agencia de Publicidad y Marketing","potentialAction":[{"@type":"SearchAction","target":{"@type":"EntryPoint","urlTemplate":"https:\/\/agenciafocus.cl\/?s={search_term_string}"},"query-input":{"@type":"PropertyValueSpecification","valueRequired":true,"valueName":"search_term_string"}}],"inLanguage":"es"}]}},"_links":{"self":[{"href":"https:\/\/agenciafocus.cl\/index.php\/wp-json\/wp\/v2\/pages\/249","targetHints":{"allow":["GET"]}}],"collection":[{"href":"https:\/\/agenciafocus.cl\/index.php\/wp-json\/wp\/v2\/pages"}],"about":[{"href":"https:\/\/agenciafocus.cl\/index.php\/wp-json\/wp\/v2\/types\/page"}],"author":[{"embeddable":true,"href":"https:\/\/agenciafocus.cl\/index.php\/wp-json\/wp\/v2\/users\/1"}],"replies":[{"embeddable":true,"href":"https:\/\/agenciafocus.cl\/index.php\/wp-json\/wp\/v2\/comments?post=249"}],"version-history":[{"count":1,"href":"https:\/\/agenciafocus.cl\/index.php\/wp-json\/wp\/v2\/pages\/249\/revisions"}],"predecessor-version":[{"id":1038,"href":"https:\/\/agenciafocus.cl\/index.php\/wp-json\/wp\/v2\/pages\/249\/revisions\/1038"}],"wp:attachment":[{"href":"https:\/\/agenciafocus.cl\/index.php\/wp-json\/wp\/v2\/media?parent=249"}],"curies":[{"name":"wp","href":"https:\/\/api.w.org\/{rel}","templated":true}]}}